{"id":3792,"date":"2022-08-12T13:34:00","date_gmt":"2022-08-12T13:34:00","guid":{"rendered":"https:\/\/apd2022.net\/?post_type=lectures&#038;p=3792"},"modified":"2022-08-25T06:47:50","modified_gmt":"2022-08-25T06:47:50","slug":"pressao-demografica-e-habitacao-urbana-o-caso-da-cidade-de-braga","status":"publish","type":"lectures","link":"https:\/\/apd2022.net\/en\/lectures\/pressao-demografica-e-habitacao-urbana-o-caso-da-cidade-de-braga\/","title":{"rendered":"Press\u00e3o demogr\u00e1fica e habita\u00e7\u00e3o urbana: O caso da cidade de Braga"},"content":{"rendered":"\n<p>O dinamismo demogr\u00e1fico e econ\u00f3mico dos \u00faltimos anos marca a realidade das nossas cidades em cont\u00ednua expans\u00e3o e transforma\u00e7\u00e3o, podendo este <em>locus<\/em> ser encarado enquanto laborat\u00f3rio vivo e privilegiado de an\u00e1lise da mudan\u00e7a social. As cidades constituem um campo de a\u00e7\u00e3o privilegiada do capital, especialmente o capital com interesses imobili\u00e1rios, que vem caminhando de m\u00e3o dada com o poder pol\u00edtico. Assim, reorienta-se o setor para a procura por lucros e desconsidera-se a habita\u00e7\u00e3o enquanto direito humano. Por consequ\u00eancia, a situa\u00e7\u00e3o urbana e habitacional das cidades tem vindo a degradar-se, colocando em causa a qualidade de vida dos habitantes e tornando imposs\u00edvel o acesso para amplas camadas populacionais. Tal pode ser observado tamb\u00e9m em Braga. Nesta cidade emergem din\u00e2micas marcadas pela infla\u00e7\u00e3o dos pre\u00e7os de venda e arrendamento, a par de um aumento da rarefa\u00e7\u00e3o da oferta, acrescentando-se aos velhos problemas habitacionais, hoje, novos problemas. Entre os fatores que para isto contribuem podemos destacar o impacto provocado pelos fluxos imigrat\u00f3rios brasileiros, que possuem uma longa hist\u00f3ria migrat\u00f3ria em dire\u00e7\u00e3o a Portugal, marcada por v\u00e1rias vagas e que, ultimamente, v\u00eam registando um crescimento consider\u00e1vel, inclusive na cidade de Braga. Recorrendo aos resultados obtidos por via de metodologia de tipo qualitativo-quantitativo e ao m\u00e9todo do estudo de caso alargado, foram realizadas 24 entrevistas, etnografia virtual e an\u00e1lise de dados estat\u00edsticos secund\u00e1rios, procurando compreender aprofundadamente as din\u00e2micas sociais em Braga. Os dados recolhidos mostram que o mercado bracarense tem sofrido transforma\u00e7\u00f5es importantes, influenciadas pela escassez de oferta imobili\u00e1ria, aliada \u00e0 crescente procura, para a qual contribuem os fluxos imigrat\u00f3rios, n\u00e3o menosprezando a ado\u00e7\u00e3o de pol\u00edticas contraproducentes, quer a n\u00edvel central, quer local.\u00a0 <\/p>\n\n\n\n<p><strong>Palavras-chave:<\/strong> Press\u00e3o Demogr\u00e1fica; Habita\u00e7\u00e3o; Braga.<\/p>\n","protected":false},"template":"","_links":{"self":[{"href":"https:\/\/apd2022.net\/en\/wp-json\/wp\/v2\/lectures\/3792"}],"collection":[{"href":"https:\/\/apd2022.net\/en\/wp-json\/wp\/v2\/lectures"}],"about":[{"href":"https:\/\/apd2022.net\/en\/wp-json\/wp\/v2\/types\/lectures"}],"wp:attachment":[{"href":"https:\/\/apd2022.net\/en\/wp-json\/wp\/v2\/media?parent=3792"}],"curies":[{"name":"wp","href":"https:\/\/api.w.org\/{rel}","templated":true}]}}

Pressão demográfica e habitação urbana: O caso da cidade de Braga

<p>O dinamismo demográfico e económico dos últimos anos marca a realidade das nossas cidades em contínua expansão e transformação, podendo este <em>locus</em> ser encarado enquanto laboratório vivo e privilegiado de análise da mudança social. As cidades constituem um campo de ação privilegiada do capital, especialmente o capital com interesses imobiliários, que vem caminhando de mão dada com o poder político. Assim, reorienta-se o setor para a procura por lucros e desconsidera-se a habitação enquanto direito humano. Por consequência, a situação urbana e habitacional das cidades tem vindo a degradar-se, colocando em causa a qualidade de vida dos habitantes e tornando impossível o acesso para amplas camadas populacionais. Tal pode ser observado também em Braga. Nesta cidade emergem dinâmicas marcadas pela inflação dos preços de venda e arrendamento, a par de um aumento da rarefação da oferta, acrescentando-se aos velhos problemas habitacionais, hoje, novos problemas. Entre os fatores que para isto contribuem podemos destacar o impacto provocado pelos fluxos imigratórios brasileiros, que possuem uma longa história migratória em direção a Portugal, marcada por várias vagas e que, ultimamente, vêm registando um crescimento considerável, inclusive na cidade de Braga. Recorrendo aos resultados obtidos por via de metodologia de tipo qualitativo-quantitativo e ao método do estudo de caso alargado, foram realizadas 24 entrevistas, etnografia virtual e análise de dados estatísticos secundários, procurando compreender aprofundadamente as dinâmicas sociais em Braga. Os dados recolhidos mostram que o mercado bracarense tem sofrido transformações importantes, influenciadas pela escassez de oferta imobiliária, aliada à crescente procura, para a qual contribuem os fluxos imigratórios, não menosprezando a adoção de políticas contraproducentes, quer a nível central, quer local.  </p>



<p><strong>Palavras-chave:</strong> Pressão Demográfica; Habitação; Braga.</p>
