{"id":3811,"date":"2022-08-12T13:46:41","date_gmt":"2022-08-12T13:46:41","guid":{"rendered":"https:\/\/apd2022.net\/?post_type=lectures&#038;p=3811"},"modified":"2022-08-25T07:03:03","modified_gmt":"2022-08-25T07:03:03","slug":"olhar-o-futuro-por-entre-o-problema-social-e-o-desafio-demografico-do-duplo-envelhecimento-do-presente","status":"publish","type":"lectures","link":"https:\/\/apd2022.net\/en\/lectures\/olhar-o-futuro-por-entre-o-problema-social-e-o-desafio-demografico-do-duplo-envelhecimento-do-presente\/","title":{"rendered":"Olhar o futuro por entre o problema social e o desafio demogr\u00e1fico do duplo envelhecimento do presente"},"content":{"rendered":"\n<p>Portugal, exemplo de pa\u00eds onde as gera\u00e7\u00f5es que contribuem para os novos nascimentos t\u00eam menores dimens\u00f5es que no passado; onde a crise econ\u00f3mica mais recente estimulou o aumento substancial do saldo migrat\u00f3rio negativo; e onde o impacto COVID-19 ainda est\u00e1 por ser verdadeiramente apurado n\u00e3o s\u00f3 do ponto de vista social como demogr\u00e1fico, abre janela de oportunidade para novas perspetivas sociais e demogr\u00e1ficas sobre o envelhecimento.<\/p>\n\n\n\n<p>Este estudo acompanha a evolu\u00e7\u00e3o da estrutura populacional do pa\u00eds e pretende dar resposta \u00e0 futura evolu\u00e7\u00e3o da popula\u00e7\u00e3o atrav\u00e9s da conjuga\u00e7\u00e3o de um modelo de proje\u00e7\u00e3o populacional por coortes e componentes, com a inovadora estima\u00e7\u00e3o de padr\u00f5es de fecundidade e mortalidade definidos em termos de an\u00e1lise de dados composicionais, com o objetivo de dar resposta \u00e0s \u201cvelhas\u201d quest\u00f5es da demografia, como a t\u00e3o socialmente sobrevalorizada quest\u00e3o da substitui\u00e7\u00e3o das gera\u00e7\u00f5es, ou a novas quest\u00f5es sociais, como o novo papel dos av\u00f3s, e da pr\u00f3pria sociedade na vida dos jovens.<\/p>\n\n\n\n<p>Tendo em conta os atuais padr\u00f5es de fecundidade e mortalidade, torna-se expect\u00e1vel que a tend\u00eancia de invers\u00e3o da pir\u00e2mide et\u00e1ria, ou seja, de envelhecimento cont\u00ednuo, estabilize somente nos pr\u00f3ximos 40 anos, quando as gera\u00e7\u00f5es nascidas no contexto de fecundidade abaixo da expect\u00e1vel para a substitui\u00e7\u00e3o das gera\u00e7\u00f5es (2,1 filhos por mulher) atinjam a idade da reforma.<\/p>\n\n\n\n<p>Ainda que seja improv\u00e1vel que se observe um certo rejuvenescimento populacional nas d\u00e9cadas vindouras, importa refletir que estamos hoje, em 2022, perante novos comportamentos demogr\u00e1ficos, sociais e familiares que apresentam potencialidades futuras nunca experienciadas, e por isso importa refletir sobre estas novas potencialidades.<\/p>\n","protected":false},"template":"","_links":{"self":[{"href":"https:\/\/apd2022.net\/en\/wp-json\/wp\/v2\/lectures\/3811"}],"collection":[{"href":"https:\/\/apd2022.net\/en\/wp-json\/wp\/v2\/lectures"}],"about":[{"href":"https:\/\/apd2022.net\/en\/wp-json\/wp\/v2\/types\/lectures"}],"wp:attachment":[{"href":"https:\/\/apd2022.net\/en\/wp-json\/wp\/v2\/media?parent=3811"}],"curies":[{"name":"wp","href":"https:\/\/api.w.org\/{rel}","templated":true}]}}

Olhar o futuro por entre o problema social e o desafio demográfico do duplo envelhecimento do presente

<p>Portugal, exemplo de país onde as gerações que contribuem para os novos nascimentos têm menores dimensões que no passado; onde a crise económica mais recente estimulou o aumento substancial do saldo migratório negativo; e onde o impacto COVID-19 ainda está por ser verdadeiramente apurado não só do ponto de vista social como demográfico, abre janela de oportunidade para novas perspetivas sociais e demográficas sobre o envelhecimento.</p>



<p>Este estudo acompanha a evolução da estrutura populacional do país e pretende dar resposta à futura evolução da população através da conjugação de um modelo de projeção populacional por coortes e componentes, com a inovadora estimação de padrões de fecundidade e mortalidade definidos em termos de análise de dados composicionais, com o objetivo de dar resposta às “velhas” questões da demografia, como a tão socialmente sobrevalorizada questão da substituição das gerações, ou a novas questões sociais, como o novo papel dos avós, e da própria sociedade na vida dos jovens.</p>



<p>Tendo em conta os atuais padrões de fecundidade e mortalidade, torna-se expectável que a tendência de inversão da pirâmide etária, ou seja, de envelhecimento contínuo, estabilize somente nos próximos 40 anos, quando as gerações nascidas no contexto de fecundidade abaixo da expectável para a substituição das gerações (2,1 filhos por mulher) atinjam a idade da reforma.</p>



<p>Ainda que seja improvável que se observe um certo rejuvenescimento populacional nas décadas vindouras, importa refletir que estamos hoje, em 2022, perante novos comportamentos demográficos, sociais e familiares que apresentam potencialidades futuras nunca experienciadas, e por isso importa refletir sobre estas novas potencialidades.</p>
