{"id":3851,"date":"2022-08-12T14:11:02","date_gmt":"2022-08-12T14:11:02","guid":{"rendered":"https:\/\/apd2022.net\/?post_type=lectures&#038;p=3851"},"modified":"2022-09-24T08:59:32","modified_gmt":"2022-09-24T08:59:32","slug":"a-economia-e-a-populacao-geral","status":"publish","type":"lectures","link":"https:\/\/apd2022.net\/en\/lectures\/a-economia-e-a-populacao-geral\/","title":{"rendered":"Como as condi\u00e7\u00f5es de vida afetam a mobilidade populacional"},"content":{"rendered":"\n<p>Foi no s\u00e9culo XVIII que surgiram as primeiras reflex\u00f5es te\u00f3ricas sobre a localiza\u00e7\u00e3o das popula\u00e7\u00f5es e<br>atividades econ\u00f3micas. Richard Cantillon (1755) apresentou a sua teoria, com base no lema de que<br>&#8220;toda a organiza\u00e7\u00e3o social est\u00e1 subordinada \u00e0 terra \u00e0 qual o trabalho d\u00e1 a forma de riqueza&#8221;. Em 1826,<br>Johann-Heinrich vonThunen teorizou sobre a regularidade da distribui\u00e7\u00e3o espacial das atividades<br>agr\u00edcolas e proximidade da popula\u00e7\u00e3o relacionada com a forma\u00e7\u00e3o dos rendimentos da terra. A<br>perspetiva dos economistas cl\u00e1ssicos assentava, na proximidade das popula\u00e7\u00f5es com as atividades<br>econ\u00f3micas, na mira das economias de tempo e custo de transporte.<br>Os modelos mais completos j\u00e1 foram desenvolvidos no s\u00e9culo XX, por A. L\u00f6sch em 1967 e Walter<br>Christaller em 1966. O primeiro teorizou sobre os sistemas de produ\u00e7\u00e3o industrial. O \u00faltimo exp\u00f4s a<br>sua teoria dos lugares centrais. Cabe ainda uma refer\u00eancia ao modelo de Wingo (1962) pondo a t\u00f3nica<br>no tempo e custo de transporte, relacionados com o valor do terreno. Conclu\u00eda este autor que, o<br>trabalhador que vive mais perto da cidade beneficia desta situa\u00e7\u00e3o; a sua localiza\u00e7\u00e3o \u00e9, portanto, mais<br>favor\u00e1vel e o valor do terreno do seu local de resid\u00eancia ser\u00e1 mais elevado.<br>A situa\u00e7\u00e3o atual desta problem\u00e1tica abre caminho para o aprofundamento dos aspetos econ\u00f3micos,<br>no contexto das pol\u00edticas p\u00fablicas a implementar. O trabalho que apresentamos vai no sentido de<br>identificar as for\u00e7as de aglomera\u00e7\u00e3o que determinam a procura das popula\u00e7\u00f5es pela localiza\u00e7\u00e3o<br>residencial que, como se pode verificar pela informa\u00e7\u00e3o estat\u00edstica dispon\u00edvel, tende a acentuar<br>exageradamente a concentra\u00e7\u00e3o populacional nas \u00e1reas metropolitanas. A ci\u00eancia econ\u00f3mica diz que<br>\u201ca concentra\u00e7\u00e3o de atividades gera economias de aglomera\u00e7\u00e3o e estas, por sua vez, impulsionam o crescimento econ\u00f3mico\u201d. Em face dos desequil\u00edbrios na malha urbana entre os centros do interior e os do litoral, as preocupa\u00e7\u00f5es atuais dos investigadores deveriam ser agora no sentido de determinar a dimens\u00e3o m\u00ednima dos centros urbanos que deem garantia de autossustenta\u00e7\u00e3o aos necess\u00e1rios processos de crescimento. (LOPES, A.S. e PONTES, J.P., 2010, Introdu\u00e7\u00e3o \u00e0 Economia Urbana, Funda\u00e7\u00e3o Calouste Gulbenkian).<br>Em Portugal, na divulga\u00e7\u00e3o \u00e0 comunica\u00e7\u00e3o social dos dados provis\u00f3rios do censo de 2021, em 16 de<br>dezembro passado o INE afirma: \u201c\u2026 acentuaram-se os desequil\u00edbrios na distribui\u00e7\u00e3o da popula\u00e7\u00e3o pelo<br>territ\u00f3rio, com uma maior concentra\u00e7\u00e3o da popula\u00e7\u00e3o no litoral e junto \u00e0 capital\u201d.<br>Tendo apenas presente o espa\u00e7o continental do pa\u00eds, a nossa hip\u00f3tese de investiga\u00e7\u00e3o \u00e9 determinar,<br>com base na an\u00e1lise estat\u00edstica multivariada, o que leva as popula\u00e7\u00f5es a abandonarem a sua resid\u00eancia<br>ancestral, para emigrar ou migrar, para as duas \u00e1reas metropolitanas ou litoral do pa\u00eds.<\/p>\n","protected":false},"template":"","_links":{"self":[{"href":"https:\/\/apd2022.net\/en\/wp-json\/wp\/v2\/lectures\/3851"}],"collection":[{"href":"https:\/\/apd2022.net\/en\/wp-json\/wp\/v2\/lectures"}],"about":[{"href":"https:\/\/apd2022.net\/en\/wp-json\/wp\/v2\/types\/lectures"}],"wp:attachment":[{"href":"https:\/\/apd2022.net\/en\/wp-json\/wp\/v2\/media?parent=3851"}],"curies":[{"name":"wp","href":"https:\/\/api.w.org\/{rel}","templated":true}]}}

Como as condições de vida afetam a mobilidade populacional

<p>Foi no século XVIII que surgiram as primeiras reflexões teóricas sobre a localização das populações e<br>atividades económicas. Richard Cantillon (1755) apresentou a sua teoria, com base no lema de que<br>&#8220;toda a organização social está subordinada à terra à qual o trabalho dá a forma de riqueza&#8221;. Em 1826,<br>Johann-Heinrich vonThunen teorizou sobre a regularidade da distribuição espacial das atividades<br>agrícolas e proximidade da população relacionada com a formação dos rendimentos da terra. A<br>perspetiva dos economistas clássicos assentava, na proximidade das populações com as atividades<br>económicas, na mira das economias de tempo e custo de transporte.<br>Os modelos mais completos já foram desenvolvidos no século XX, por A. Lösch em 1967 e Walter<br>Christaller em 1966. O primeiro teorizou sobre os sistemas de produção industrial. O último expôs a<br>sua teoria dos lugares centrais. Cabe ainda uma referência ao modelo de Wingo (1962) pondo a tónica<br>no tempo e custo de transporte, relacionados com o valor do terreno. Concluía este autor que, o<br>trabalhador que vive mais perto da cidade beneficia desta situação; a sua localização é, portanto, mais<br>favorável e o valor do terreno do seu local de residência será mais elevado.<br>A situação atual desta problemática abre caminho para o aprofundamento dos aspetos económicos,<br>no contexto das políticas públicas a implementar. O trabalho que apresentamos vai no sentido de<br>identificar as forças de aglomeração que determinam a procura das populações pela localização<br>residencial que, como se pode verificar pela informação estatística disponível, tende a acentuar<br>exageradamente a concentração populacional nas áreas metropolitanas. A ciência económica diz que<br>“a concentração de atividades gera economias de aglomeração e estas, por sua vez, impulsionam o crescimento económico”. Em face dos desequilíbrios na malha urbana entre os centros do interior e os do litoral, as preocupações atuais dos investigadores deveriam ser agora no sentido de determinar a dimensão mínima dos centros urbanos que deem garantia de autossustentação aos necessários processos de crescimento. (LOPES, A.S. e PONTES, J.P., 2010, Introdução à Economia Urbana, Fundação Calouste Gulbenkian).<br>Em Portugal, na divulgação à comunicação social dos dados provisórios do censo de 2021, em 16 de<br>dezembro passado o INE afirma: “… acentuaram-se os desequilíbrios na distribuição da população pelo<br>território, com uma maior concentração da população no litoral e junto à capital”.<br>Tendo apenas presente o espaço continental do país, a nossa hipótese de investigação é determinar,<br>com base na análise estatística multivariada, o que leva as populações a abandonarem a sua residência<br>ancestral, para emigrar ou migrar, para as duas áreas metropolitanas ou litoral do país.</p>
