{"id":4876,"date":"2022-09-17T16:58:28","date_gmt":"2022-09-17T16:58:28","guid":{"rendered":"https:\/\/apd2022.net\/lectures\/expectativas-e-realidade-vivida-na-fecundidade-uma-comparacao-entre-a-populacao-imigrante-cabo-verdiana-e-portuguesa-autoctone-2\/"},"modified":"2022-09-17T17:02:26","modified_gmt":"2022-09-17T17:02:26","slug":"expectativas-e-realidade-vivida-na-fecundidade-uma-comparacao-entre-a-populacao-imigrante-cabo-verdiana-e-portuguesa-autoctone-2","status":"publish","type":"lectures","link":"https:\/\/apd2022.net\/en\/lectures\/expectativas-e-realidade-vivida-na-fecundidade-uma-comparacao-entre-a-populacao-imigrante-cabo-verdiana-e-portuguesa-autoctone-2\/","title":{"rendered":"Expectativas e realidade vivida na fecundidade. Uma compara\u00e7\u00e3o entre a popula\u00e7\u00e3o imigrante cabo-verdiana e portuguesa aut\u00f3ctone"},"content":{"rendered":"","protected":false},"template":"","_links":{"self":[{"href":"https:\/\/apd2022.net\/en\/wp-json\/wp\/v2\/lectures\/4876"}],"collection":[{"href":"https:\/\/apd2022.net\/en\/wp-json\/wp\/v2\/lectures"}],"about":[{"href":"https:\/\/apd2022.net\/en\/wp-json\/wp\/v2\/types\/lectures"}],"wp:attachment":[{"href":"https:\/\/apd2022.net\/en\/wp-json\/wp\/v2\/media?parent=4876"}],"curies":[{"name":"wp","href":"https:\/\/api.w.org\/{rel}","templated":true}]}}

Expectativas e realidade vivida na fecundidade. Uma comparação entre a população imigrante cabo-verdiana e portuguesa autóctone
